?
False
Is 386594899 composite?
False
Is 1577264453 prime?
False
Is 5351703087 a prime number?
False
Is 19378340041 a prime number?
True
Is 22089084803 prime?
True
Is 21030134759 a prime number?
True
Is 6765524279 a prime number?
True
Is 2970185987 a prime number?
True
Is 8168727803 a prime number?
True
Is 10065909587 a composite number?
True
Is 2916649939 prime?
False
Is 9470465093 composite?
True
Is 2462029421 composite?
False
Is 21751434767 prime?
True
Is 174929189177 prime?
True
Is 9108369133 prime?
True
Is 4050189289 composite?
False
Is 49998911321 prime?
True
Is 2335987783 a composite number?
True
Is 13394705239 a prime number?
False
Is 18881465927 a composite number?
False
Is 902951213 prime?
True
Is 1062576059 prime?
True
Is 102589247 a prime number?
False
Is 51830360363 prime?
True
Is 179576873813 a composite number?
False
Is 382149371 a composite number?
True
Is 263618861 a composite number?
True
Is 129842359 a composite number?
False
Is 630090493 a composite number?
False
Is 132607100657 a prime number?
False
Is 1275659323 composite?
True
Is 5718544067 a composite number?
False
Is 833389781 a composite number?
True
Is 13213612747 a prime number?
False
Is 26315964437 prime?
False
Is 101921718547 a composite number?
True
Is 17158859749 a prime number?
True
Is 6406834411 a composite number?
True
Is 9826837043 prime?
True
Is 748216831 composite?
True
Is 906257021 a prime number?
False
Is 19213450013 a prime number?
True
Is 160234895 a composite number?
True
Is 59398026671 a prime number?
True
Is 217170389 a composite number?
False
Is 3164515331 a prime number?
True
Is 20554584257 a prime number?
True
Is 39271166273 composite?
False
Is 9479039413 a prime number?
False
Is 3804050006 a composite number?
True
Is 37755706993 composite?
False
Is 6704628227 composite?
True
Is 52589420159 prime?
True
Is 201474507527 a composite number?
False
Is 504196067 composite?
True
Is 9181232878 composite?
True
Is 6772376431 composite?
False
Is 2804257453 composite?
False
Is 51506029 composite?
True
Is 9686602619 composite?
True
Is 2790895951 composite?
True
Is 5441199167 a prime number?
False
Is 25290288973 prime?
True
Is 92343539 prime?
True
Is 10136397941 a prime number?
True
Is 25423771531 a prime number?
True
Is 36701922057 composite?
True
Is 509062553 a prime number?
True
Is 922043237 prime?
False
Is 2013784501 a composite number?
True
Is 6371145815 a prime number?
False
Is 126146852371 prime?
False
Is 80934905 composite?
True
Is 63728547931 a prime number?
True
Is 8332502177 a prime number?
True
Is 2854965019 a composite number?
True
Is 9062083949 prime?
True
Is 10222578101 a prime number?
True
Is 312576197 composite?
False
Is 6950780461 a prime number?
False
Is 2836006319 a prime number?
True
Is 40632560753 composite?
False
Is 1415307457 prime?
False
Is 27329722711 prime?
False
Is 18734629643 prime?
True
Is 1414914229 a prime number?
False
Is 4758865858 a prime number?
False
Is 1548756127 composite?
False
Is 219795679 composite?
False
Is 7712917739 a prime number?
True
Is 130003553 a composite number?
True
Is 227219767193 composite?
True
Is 43249203281 a prime number?
True
Is 3950142941 a prime number?
True
Is 64139629 prime?
False
Is 239846869 a composite number?
False
Is 23879950463 composite?
False
Is 3177117791 prime?
False
Is 46924013047 a composite number?
False
Is 11718795059 prime?
True
Is 1527635311 prime?
True
Is 15636161105 a prime number?
False
Is 932610167 composite?
False
Is 6620594141 composite?
True
Is 8683839041 a prime number?
False
Is 306550157 prime?
True
Is 220352897107 composite?
True
Is 22459277803 prime?
True
Is 7974165611 prime?
False
Is 5338011279 prime?
False
Is 62024052589 a composite number?
True
Is 1238533493 prime?
True
Is 2455607249 a prime number?
True
Is 22924735831 composite?
False
Is 853364711 a prime number?
True
Is 32847293221 a prime number?
True
Is 677742602 prime?
False
Is 2027816281 composite?
False
Is 23687306743 a composite number?
False
Is 2840978639 a prime number?
True
Is 19585678647 a prime number?
False
Is 296170427 prime?
False
Is 251945045827 a composite number?
True
Is 2324618363 prime?
False
Is 5059563407 a composite number?
True
Is 3047499937 prime?
False
Is 1463080811 a prime number?
True
Is 665890798 a prime number?
False
Is 18694200793 a prime number?
True
Is 96367071739 composite?
False
Is 616305583 prime?
True
Is 54328401091 a composite number?
True
Is 465334759 a prime number?
False
Is 976331533 a composite number?
True
Is 4547477069 composite?
True
Is 16369090889 a composite number?
True
Is 1226237135 a composite number?
True
Is 10609308614 a prime number?
False
Is 7980932087 prime?
True
Is 11438122981 prime?
True
Is 153110195473 composite?
False
Is 2357768987 a prime number?
False
Is 1041037463 a prime number?
True
Is 961726301 a composite number?
True
Is 4509036381 prime?
False
Is 9799367203 a prime number?
True
Is 421433447 composite?
False
Is 7473136439 a prime number?
True
Is 48681758003 composite?
True
Is 9828556399 a composite number?
False
Is 86723400167 prime?
True
Is 204418451 a prime number?
False
Is 2750364217 prime?
True
Is 2294166289 a composite number?
False
Is 100289479 a composite number?
True
Is 451783883 composite?
False
Is 2485761139 composite?
False
Is 344025547 prime?
False
Is 71728561421 prime?
False
Is 68414871527 prime?
True
Is 23725270117 prime?
True
Is 962282963 composite?
True
Is 61782221 a composite number?
False
Is 17603760947 composite?
True
Is 433682765 prime?
False
Is 46088615687 prime?
False
Is 102137825045 a prime number?
False
Is 628264883 composite?
True
Is 1506428185 composite?
True
Is 6093201635 a prime number?
False
Is 210603696659 a prime number?
True
Is 6039144173 composite?
False
Is 3010749087 composite?
True
Is 2205859109 a composite number?
False
Is 35970836105 a composite number?
True
Is 1087244671 prime?
True
Is 4698970123 composite?
True
Is 2658108385 prime?
False
Is 32519833849 composite?
True
Is 33050244973 composite?
False
Is 704065561 composite?
True
Is 1786815577 prime?
False
Is 2527465841 prime?
True
Is 66479247971 a composite number?
True
Is 55561958623 composite?
False
Is 7095992881 a composite number?
True
Is 2887063759 composite?
True
Is 1357695281 composite?
False
Is 20550437 a composite number?
False
Is 1068887951 a prime number?
True
Is 11825118103 prime?
False
Is 681342329 a composite number?
True
Is 224999297 a prime number?
True
Is 1284822797 composite?
False
Is 133386254819 a prime number?
False
Is 608681639 a composite number?
True
Is 49892512654 a prime number?
False
Is 148343487 a prime number?
False
Is 646480321 a prime number?
True
Is 3324188563 a composite number?
False
Is 623481281 a composite number?
True
Is 833260487 a prime number?
True
Is 448792121 a prime number?
True
Is 129562385 a prime number?
False
Is 2418921763 a composite number?
False
Is 1545866671 prime?
True
Is 2524968505 a prime number?
False
Is 801880291 a composite number?
False
Is 155175767 prime?
True
Is 5114246734 composite?
True
Is 248941411 a prime number?
False
Is 12802338061 prime?
True
Is 35154682067 composite?
False
Is 11443314013 composite?
False
Is 6610957141 composite?
False
Is 6001621411 prime?
False
Is 802652113 a composite number?
False
Is 4553940851 a prime number?
True
Is 7718481161 prime?
True
Is 227825089 composite?
False
Is 64250178229 prime?
True
Is 151049915 prime?
False
Is 8159264059 a composite number?
False
Is 32898086761 a prime number?
False
Is 185340257803 a prime number?
True
Is 869110429 prime?
False
Is 23999722193 composite?
False
Is 4407853435 prime?
False
Is 1439867251 a prime number?
True
Is 1601090663 composite?
True
Is 156897869801 prime?
False
Is 677899039 composite?
True
Is 11167679833 a prime number?
True
Is 80500927055 prime?
False
Is 78071759 a prime number?
True
Is 1484575297 prime?
False
Is 12505690109 a prime number?
False
Is 1004170117 prime?
False
Is 69027640301 prime?
False
Is 3081512411 a composite number?
False
Is 1689862981 a composite number?
True
Is 6561573593 prime?
False
Is 1431145669 a prime number?
True
Is 2996515967 a prime number?
False
Is 6255827911 a composite number?
False
Is 84696757 a composite number?
True
Is 4621766447 a composite number?
False
Is 22515569051 prime?
False
Is 1968368